{"id":565,"date":"2023-12-10T23:42:24","date_gmt":"2023-12-10T23:42:24","guid":{"rendered":"https:\/\/vereinigung-der-kitaleitungen.de\/?page_id=565"},"modified":"2024-03-23T14:41:54","modified_gmt":"2024-03-23T14:41:54","slug":"archiv-2","status":"publish","type":"page","link":"https:\/\/vereinigung-der-kitaleitungen.de\/?page_id=565","title":{"rendered":"Archiv"},"content":{"rendered":"\t\t<div data-elementor-type=\"wp-page\" data-elementor-id=\"565\" class=\"elementor elementor-565\">\n\t\t\t\t\t\t\t\t\t<section class=\"elementor-section elementor-top-section elementor-element elementor-element-f906cf9 elementor-section-boxed elementor-section-height-default elementor-section-height-default\" data-id=\"f906cf9\" data-element_type=\"section\">\n\t\t\t\t\t\t<div class=\"elementor-container elementor-column-gap-default\">\n\t\t\t\t\t<div class=\"elementor-column elementor-col-100 elementor-top-column elementor-element elementor-element-29b13f5\" data-id=\"29b13f5\" data-element_type=\"column\">\n\t\t\t<div class=\"elementor-widget-wrap elementor-element-populated\">\n\t\t\t\t\t\t\t\t<div class=\"elementor-element elementor-element-d544991 elementor-widget elementor-widget-heading\" data-id=\"d544991\" data-element_type=\"widget\" data-widget_type=\"heading.default\">\n\t\t\t\t<div class=\"elementor-widget-container\">\n\t\t\t<h2 class=\"elementor-heading-title elementor-size-default\">2024<\/h2>\t\t<\/div>\n\t\t\t\t<\/div>\n\t\t\t\t\t<\/div>\n\t\t<\/div>\n\t\t\t\t\t\t\t<\/div>\n\t\t<\/section>\n\t\t\t\t<section class=\"elementor-section elementor-top-section elementor-element elementor-element-0b33dd8 elementor-section-boxed elementor-section-height-default elementor-section-height-default\" data-id=\"0b33dd8\" data-element_type=\"section\">\n\t\t\t\t\t\t<div class=\"elementor-container elementor-column-gap-default\">\n\t\t\t\t\t<div class=\"elementor-column elementor-col-25 elementor-top-column elementor-element elementor-element-76e648e\" data-id=\"76e648e\" data-element_type=\"column\">\n\t\t\t<div class=\"elementor-widget-wrap elementor-element-populated\">\n\t\t\t\t\t\t\t\t<div class=\"elementor-element elementor-element-2540724 elementor-widget elementor-widget-text-editor\" data-id=\"2540724\" data-element_type=\"widget\" data-widget_type=\"text-editor.default\">\n\t\t\t\t<div class=\"elementor-widget-container\">\n\t\t\t\t\t\t\t<p><strong>Demo &#8222;Kita in Gefahr&#8220; 21.03.24<\/strong><\/p><p>\u00dcber 1.000 Fachkr\u00e4fte, Eltern, Tr\u00e4ger versammelten sich am 21.03.24 um 9 Uhr vor dem Landtag in Kiel um gemeinsam laut zu sein f\u00fcr:<\/p><ul><li>Gute und verl\u00e4ssliche Betreuung<\/li><li>Bildung statt Aufbewahrung<\/li><li>Arbeitsbedingungen, die es uns m\u00f6glich machen, dauerhaft Qualit\u00e4t zu leisten ohne dabei unterzugehen<\/li><\/ul><p>Gemeinsam haben wir Geh\u00f6r gefunden und ein starkes Zeichen gesetzt!<\/p><p>Beitrag im Schleswig-Holstein-Magazin<\/p><p><a href=\"https:\/\/www.ardmediathek.de\/video\/schleswig-holstein-magazin\/kiel-protest-gegen-kita-gesetz\/ndr\/Y3JpZDovL25kci5kZS9hMTk2MjBiNS1lNjE5LTQ1ZDYtYmM2OC1mNGUwMDkxMjllZDk\">https:\/\/www.ardmediathek.de\/video\/schleswig-holstein-magazin\/kiel-protest-gegen-kita-gesetz\/ndr\/Y3JpZDovL25kci5kZS9hMTk2MjBiNS1lNjE5LTQ1ZDYtYmM2OC1mNGUwMDkxMjllZDk<\/a><\/p><p>\u00a0<\/p>\t\t\t\t\t\t<\/div>\n\t\t\t\t<\/div>\n\t\t\t\t\t<\/div>\n\t\t<\/div>\n\t\t\t\t<div class=\"elementor-column elementor-col-25 elementor-top-column elementor-element elementor-element-61d108e\" data-id=\"61d108e\" data-element_type=\"column\">\n\t\t\t<div class=\"elementor-widget-wrap elementor-element-populated\">\n\t\t\t\t\t\t\t\t<div class=\"elementor-element elementor-element-1ac77ca elementor-widget__width-initial elementor-widget elementor-widget-image\" data-id=\"1ac77ca\" data-element_type=\"widget\" data-widget_type=\"image.default\">\n\t\t\t\t<div class=\"elementor-widget-container\">\n\t\t\t\t\t\t\t\t\t\t\t\t\t\t\t<img loading=\"lazy\" decoding=\"async\" width=\"639\" height=\"1024\" src=\"https:\/\/vereinigung-der-kitaleitungen.de\/wp-content\/uploads\/2024\/03\/Demo-639x1024.jpg\" class=\"attachment-large size-large wp-image-662\" alt=\"\" srcset=\"https:\/\/vereinigung-der-kitaleitungen.de\/wp-content\/uploads\/2024\/03\/Demo-639x1024.jpg 639w, https:\/\/vereinigung-der-kitaleitungen.de\/wp-content\/uploads\/2024\/03\/Demo-187x300.jpg 187w, https:\/\/vereinigung-der-kitaleitungen.de\/wp-content\/uploads\/2024\/03\/Demo-768x1231.jpg 768w, https:\/\/vereinigung-der-kitaleitungen.de\/wp-content\/uploads\/2024\/03\/Demo.jpg 825w\" sizes=\"auto, (max-width: 639px) 100vw, 639px\" \/>\t\t\t\t\t\t\t\t\t\t\t\t\t\t\t<\/div>\n\t\t\t\t<\/div>\n\t\t\t\t<div class=\"elementor-element elementor-element-22d2f95 elementor-widget__width-initial elementor-widget elementor-widget-image\" data-id=\"22d2f95\" data-element_type=\"widget\" data-widget_type=\"image.default\">\n\t\t\t\t<div class=\"elementor-widget-container\">\n\t\t\t\t\t\t\t\t\t\t\t\t\t\t\t<img loading=\"lazy\" decoding=\"async\" width=\"1017\" height=\"1024\" src=\"https:\/\/vereinigung-der-kitaleitungen.de\/wp-content\/uploads\/2024\/03\/Kita-in-Gefahr-1017x1024.jpg\" class=\"attachment-large size-large wp-image-688\" alt=\"\" srcset=\"https:\/\/vereinigung-der-kitaleitungen.de\/wp-content\/uploads\/2024\/03\/Kita-in-Gefahr-1017x1024.jpg 1017w, https:\/\/vereinigung-der-kitaleitungen.de\/wp-content\/uploads\/2024\/03\/Kita-in-Gefahr-298x300.jpg 298w, https:\/\/vereinigung-der-kitaleitungen.de\/wp-content\/uploads\/2024\/03\/Kita-in-Gefahr-150x150.jpg 150w, https:\/\/vereinigung-der-kitaleitungen.de\/wp-content\/uploads\/2024\/03\/Kita-in-Gefahr-768x773.jpg 768w, https:\/\/vereinigung-der-kitaleitungen.de\/wp-content\/uploads\/2024\/03\/Kita-in-Gefahr.jpg 1170w\" sizes=\"auto, (max-width: 1017px) 100vw, 1017px\" \/>\t\t\t\t\t\t\t\t\t\t\t\t\t\t\t<\/div>\n\t\t\t\t<\/div>\n\t\t\t\t\t<\/div>\n\t\t<\/div>\n\t\t\t\t<div class=\"elementor-column elementor-col-50 elementor-top-column elementor-element elementor-element-413fe8e\" data-id=\"413fe8e\" data-element_type=\"column\">\n\t\t\t<div class=\"elementor-widget-wrap elementor-element-populated\">\n\t\t\t\t\t\t\t\t<div class=\"elementor-element elementor-element-5bacd51 elementor-widget__width-initial elementor-widget elementor-widget-image\" data-id=\"5bacd51\" data-element_type=\"widget\" data-widget_type=\"image.default\">\n\t\t\t\t<div class=\"elementor-widget-container\">\n\t\t\t\t\t\t\t\t\t\t\t\t\t\t\t<img loading=\"lazy\" decoding=\"async\" width=\"1024\" height=\"768\" src=\"https:\/\/vereinigung-der-kitaleitungen.de\/wp-content\/uploads\/2024\/03\/Demo_2-1024x768.jpg\" class=\"attachment-large size-large wp-image-689\" alt=\"\" srcset=\"https:\/\/vereinigung-der-kitaleitungen.de\/wp-content\/uploads\/2024\/03\/Demo_2-1024x768.jpg 1024w, https:\/\/vereinigung-der-kitaleitungen.de\/wp-content\/uploads\/2024\/03\/Demo_2-300x225.jpg 300w, https:\/\/vereinigung-der-kitaleitungen.de\/wp-content\/uploads\/2024\/03\/Demo_2-768x576.jpg 768w, https:\/\/vereinigung-der-kitaleitungen.de\/wp-content\/uploads\/2024\/03\/Demo_2-1536x1152.jpg 1536w, https:\/\/vereinigung-der-kitaleitungen.de\/wp-content\/uploads\/2024\/03\/Demo_2-2048x1536.jpg 2048w\" sizes=\"auto, (max-width: 1024px) 100vw, 1024px\" \/>\t\t\t\t\t\t\t\t\t\t\t\t\t\t\t<\/div>\n\t\t\t\t<\/div>\n\t\t\t\t<div class=\"elementor-element elementor-element-e12a6c2 elementor-widget__width-initial elementor-widget elementor-widget-image\" data-id=\"e12a6c2\" data-element_type=\"widget\" data-widget_type=\"image.default\">\n\t\t\t\t<div class=\"elementor-widget-container\">\n\t\t\t\t\t\t\t\t\t\t\t\t\t\t\t<img loading=\"lazy\" decoding=\"async\" width=\"1024\" height=\"768\" src=\"https:\/\/vereinigung-der-kitaleitungen.de\/wp-content\/uploads\/2024\/03\/Demo_3-1024x768.jpg\" class=\"attachment-large size-large wp-image-690\" alt=\"\" srcset=\"https:\/\/vereinigung-der-kitaleitungen.de\/wp-content\/uploads\/2024\/03\/Demo_3-1024x768.jpg 1024w, https:\/\/vereinigung-der-kitaleitungen.de\/wp-content\/uploads\/2024\/03\/Demo_3-300x225.jpg 300w, https:\/\/vereinigung-der-kitaleitungen.de\/wp-content\/uploads\/2024\/03\/Demo_3-768x576.jpg 768w, https:\/\/vereinigung-der-kitaleitungen.de\/wp-content\/uploads\/2024\/03\/Demo_3-1536x1152.jpg 1536w, https:\/\/vereinigung-der-kitaleitungen.de\/wp-content\/uploads\/2024\/03\/Demo_3-2048x1536.jpg 2048w\" sizes=\"auto, (max-width: 1024px) 100vw, 1024px\" \/>\t\t\t\t\t\t\t\t\t\t\t\t\t\t\t<\/div>\n\t\t\t\t<\/div>\n\t\t\t\t\t<\/div>\n\t\t<\/div>\n\t\t\t\t\t\t\t<\/div>\n\t\t<\/section>\n\t\t\t\t<section class=\"elementor-section elementor-top-section elementor-element elementor-element-c505d1a elementor-section-boxed elementor-section-height-default elementor-section-height-default\" data-id=\"c505d1a\" data-element_type=\"section\">\n\t\t\t\t\t\t<div class=\"elementor-container elementor-column-gap-default\">\n\t\t\t\t\t<div class=\"elementor-column elementor-col-50 elementor-top-column elementor-element elementor-element-024dc2a\" data-id=\"024dc2a\" data-element_type=\"column\">\n\t\t\t<div class=\"elementor-widget-wrap elementor-element-populated\">\n\t\t\t\t\t\t\t\t<div class=\"elementor-element elementor-element-12822c1 elementor-widget__width-initial elementor-widget elementor-widget-image\" data-id=\"12822c1\" data-element_type=\"widget\" data-widget_type=\"image.default\">\n\t\t\t\t<div class=\"elementor-widget-container\">\n\t\t\t\t\t\t\t\t\t\t\t\t\t\t\t<img loading=\"lazy\" decoding=\"async\" width=\"1024\" height=\"768\" src=\"https:\/\/vereinigung-der-kitaleitungen.de\/wp-content\/uploads\/2024\/03\/Treffen-LEV-1024x768.jpg\" class=\"attachment-large size-large wp-image-661\" alt=\"\" srcset=\"https:\/\/vereinigung-der-kitaleitungen.de\/wp-content\/uploads\/2024\/03\/Treffen-LEV-1024x768.jpg 1024w, https:\/\/vereinigung-der-kitaleitungen.de\/wp-content\/uploads\/2024\/03\/Treffen-LEV-300x225.jpg 300w, https:\/\/vereinigung-der-kitaleitungen.de\/wp-content\/uploads\/2024\/03\/Treffen-LEV-768x576.jpg 768w, https:\/\/vereinigung-der-kitaleitungen.de\/wp-content\/uploads\/2024\/03\/Treffen-LEV-1536x1152.jpg 1536w, https:\/\/vereinigung-der-kitaleitungen.de\/wp-content\/uploads\/2024\/03\/Treffen-LEV-2048x1536.jpg 2048w\" sizes=\"auto, (max-width: 1024px) 100vw, 1024px\" \/>\t\t\t\t\t\t\t\t\t\t\t\t\t\t\t<\/div>\n\t\t\t\t<\/div>\n\t\t\t\t\t<\/div>\n\t\t<\/div>\n\t\t\t\t<div class=\"elementor-column elementor-col-50 elementor-top-column elementor-element elementor-element-f43d9fa\" data-id=\"f43d9fa\" data-element_type=\"column\">\n\t\t\t<div class=\"elementor-widget-wrap elementor-element-populated\">\n\t\t\t\t\t\t\t\t<div class=\"elementor-element elementor-element-af1509c elementor-widget elementor-widget-text-editor\" data-id=\"af1509c\" data-element_type=\"widget\" data-widget_type=\"text-editor.default\">\n\t\t\t\t<div class=\"elementor-widget-container\">\n\t\t\t\t\t\t\t<p><strong>Treffen mit der LEV<\/strong><\/p><p>Ende Februar trafen wir uns mit der Landeselternvertretung zum lockeren Austausch. Wir waren uns einig, dass es eine verl\u00e4ssliche und qualitativ hochwertige Kitabetreuung geben muss. Einige Punkte haben wir auch kontrovers diskutiert. Aber das ist wichtig und richtig so. Wir kommen nur gemeinsam voran und es braucht das Reden miteinander statt \u00fcbereinander, damit Perspektivwechsel entstehen k\u00f6nnen. Wir danken der LEV f\u00fcr Ihre Zeit und freuen uns auf die weitere Zusammenarbeit.<\/p>\t\t\t\t\t\t<\/div>\n\t\t\t\t<\/div>\n\t\t\t\t\t<\/div>\n\t\t<\/div>\n\t\t\t\t\t\t\t<\/div>\n\t\t<\/section>\n\t\t\t\t<section class=\"elementor-section elementor-top-section elementor-element elementor-element-abdc993 elementor-section-boxed elementor-section-height-default elementor-section-height-default\" data-id=\"abdc993\" data-element_type=\"section\">\n\t\t\t\t\t\t<div class=\"elementor-container elementor-column-gap-default\">\n\t\t\t\t\t<div class=\"elementor-column elementor-col-50 elementor-top-column elementor-element elementor-element-61e5999\" data-id=\"61e5999\" data-element_type=\"column\">\n\t\t\t<div class=\"elementor-widget-wrap elementor-element-populated\">\n\t\t\t\t\t\t\t\t<div class=\"elementor-element elementor-element-dd05daf elementor-widget elementor-widget-text-editor\" data-id=\"dd05daf\" data-element_type=\"widget\" data-widget_type=\"text-editor.default\">\n\t\t\t\t<div class=\"elementor-widget-container\">\n\t\t\t\t\t\t\t<p style=\"font-weight: 400;\"><strong>Fachtag Februar 2024\u00a0<\/strong><\/p><p style=\"font-weight: 400;\">Einige von uns waren am 10.2.2024 in Kiel zum Fachtag, welcher vom Sozialministerium und Bildungsministerium organisiert wurde. Es gab tolle Vortr\u00e4ge, Workshops und Zeit f\u00fcr Austausch.<\/p><p style=\"font-weight: 400;\">Allen Beteiligten ist es sehr wichtig, dass die fr\u00fchkindliche Bildung auf stabilen F\u00fc\u00dfen steht. Dies wird kein einfacher Weg und trotzdem wollen wir hoffnungsvoll in die Zukunft schauen; damit die Kinder gute Bildungsm\u00f6glichkeiten in den Systemen vorfinden mit gut aufgestellten Fachkr\u00e4ften. Das geht uns alle an und es gelingt vor allem nur gemeinsam.<\/p><p style=\"font-weight: 400;\">Sehr gefreut haben wir uns \u00fcber die M\u00f6glichkeit mit Ministerin Aminata Tour\u00e9 noch ein Foto machen zu d\u00fcrfen. Danke f\u00fcr die Zeit und den Austausch am Ende der Veranstaltung. Dies hat uns viel bedeutet!<\/p>\t\t\t\t\t\t<\/div>\n\t\t\t\t<\/div>\n\t\t\t\t\t<\/div>\n\t\t<\/div>\n\t\t\t\t<div class=\"elementor-column elementor-col-50 elementor-top-column elementor-element elementor-element-7c797f0\" data-id=\"7c797f0\" data-element_type=\"column\">\n\t\t\t<div class=\"elementor-widget-wrap elementor-element-populated\">\n\t\t\t\t\t\t\t\t<div class=\"elementor-element elementor-element-b51320b elementor-widget elementor-widget-image\" data-id=\"b51320b\" data-element_type=\"widget\" data-widget_type=\"image.default\">\n\t\t\t\t<div class=\"elementor-widget-container\">\n\t\t\t\t\t\t\t\t\t\t\t\t\t\t\t<img loading=\"lazy\" decoding=\"async\" width=\"803\" height=\"1024\" src=\"https:\/\/vereinigung-der-kitaleitungen.de\/wp-content\/uploads\/2024\/02\/image-803x1024.png\" class=\"attachment-large size-large wp-image-620\" alt=\"\" srcset=\"https:\/\/vereinigung-der-kitaleitungen.de\/wp-content\/uploads\/2024\/02\/image-803x1024.png 803w, https:\/\/vereinigung-der-kitaleitungen.de\/wp-content\/uploads\/2024\/02\/image-235x300.png 235w, https:\/\/vereinigung-der-kitaleitungen.de\/wp-content\/uploads\/2024\/02\/image-768x980.png 768w, https:\/\/vereinigung-der-kitaleitungen.de\/wp-content\/uploads\/2024\/02\/image-1204x1536.png 1204w, https:\/\/vereinigung-der-kitaleitungen.de\/wp-content\/uploads\/2024\/02\/image.png 1254w\" sizes=\"auto, (max-width: 803px) 100vw, 803px\" \/>\t\t\t\t\t\t\t\t\t\t\t\t\t\t\t<\/div>\n\t\t\t\t<\/div>\n\t\t\t\t\t<\/div>\n\t\t<\/div>\n\t\t\t\t\t\t\t<\/div>\n\t\t<\/section>\n\t\t\t\t\t\t\t<\/div>\n\t\t","protected":false},"excerpt":{"rendered":"<p>2024 Demo &#8222;Kita in Gefahr&#8220; 21.03.24 \u00dcber 1.000 Fachkr\u00e4fte, Eltern, Tr\u00e4ger versammelten sich am 21.03.24 um 9 Uhr vor dem Landtag in Kiel um gemeinsam laut zu sein f\u00fcr: Gute und verl\u00e4ssliche Betreuung Bildung statt Aufbewahrung Arbeitsbedingungen, die es uns m\u00f6glich machen, dauerhaft Qualit\u00e4t zu leisten ohne dabei unterzugehen Gemeinsam haben wir Geh\u00f6r gefunden und [&hellip;]<\/p>\n","protected":false},"author":3,"featured_media":0,"parent":0,"menu_order":0,"comment_status":"closed","ping_status":"closed","template":"","meta":{"site-sidebar-layout":"no-sidebar","site-content-layout":"page-builder","ast-site-content-layout":"full-width-container","site-content-style":"default","site-sidebar-style":"default","ast-global-header-display":"","ast-banner-title-visibility":"","ast-main-header-display":"","ast-hfb-above-header-display":"","ast-hfb-below-header-display":"","ast-hfb-mobile-header-display":"","site-post-title":"disabled","ast-breadcrumbs-content":"","ast-featured-img":"disabled","footer-sml-layout":"","theme-transparent-header-meta":"","adv-header-id-meta":"","stick-header-meta":"","header-above-stick-meta":"","header-main-stick-meta":"","header-below-stick-meta":"","astra-migrate-meta-layouts":"set","ast-page-background-enabled":"default","ast-page-background-meta":{"desktop":{"background-color":"","background-image":"","background-repeat":"repeat","background-position":"center center","background-size":"auto","background-attachment":"scroll","background-type":"","background-media":"","overlay-type":"","overlay-color":"","overlay-opacity":"","overlay-gradient":""},"tablet":{"background-color":"","background-image":"","background-repeat":"repeat","background-position":"center center","background-size":"auto","background-attachment":"scroll","background-type":"","background-media":"","overlay-type":"","overlay-color":"","overlay-opacity":"","overlay-gradient":""},"mobile":{"background-color":"","background-image":"","background-repeat":"repeat","background-position":"center center","background-size":"auto","background-attachment":"scroll","background-type":"","background-media":"","overlay-type":"","overlay-color":"","overlay-opacity":"","overlay-gradient":""}},"ast-content-background-meta":{"desktop":{"background-color":"var(--ast-global-color-5)","background-image":"","background-repeat":"repeat","background-position":"center center","background-size":"auto","background-attachment":"scroll","background-type":"","background-media":"","overlay-type":"","overlay-color":"","overlay-opacity":"","overlay-gradient":""},"tablet":{"background-color":"var(--ast-global-color-5)","background-image":"","background-repeat":"repeat","background-position":"center center","background-size":"auto","background-attachment":"scroll","background-type":"","background-media":"","overlay-type":"","overlay-color":"","overlay-opacity":"","overlay-gradient":""},"mobile":{"background-color":"var(--ast-global-color-5)","background-image":"","background-repeat":"repeat","background-position":"center center","background-size":"auto","background-attachment":"scroll","background-type":"","background-media":"","overlay-type":"","overlay-color":"","overlay-opacity":"","overlay-gradient":""}},"footnotes":""},"class_list":["post-565","page","type-page","status-publish","hentry"],"_links":{"self":[{"href":"https:\/\/vereinigung-der-kitaleitungen.de\/index.php?rest_route=\/wp\/v2\/pages\/565","targetHints":{"allow":["GET"]}}],"collection":[{"href":"https:\/\/vereinigung-der-kitaleitungen.de\/index.php?rest_route=\/wp\/v2\/pages"}],"about":[{"href":"https:\/\/vereinigung-der-kitaleitungen.de\/index.php?rest_route=\/wp\/v2\/types\/page"}],"author":[{"embeddable":true,"href":"https:\/\/vereinigung-der-kitaleitungen.de\/index.php?rest_route=\/wp\/v2\/users\/3"}],"replies":[{"embeddable":true,"href":"https:\/\/vereinigung-der-kitaleitungen.de\/index.php?rest_route=%2Fwp%2Fv2%2Fcomments&post=565"}],"version-history":[{"count":0,"href":"https:\/\/vereinigung-der-kitaleitungen.de\/index.php?rest_route=\/wp\/v2\/pages\/565\/revisions"}],"wp:attachment":[{"href":"https:\/\/vereinigung-der-kitaleitungen.de\/index.php?rest_route=%2Fwp%2Fv2%2Fmedia&parent=565"}],"curies":[{"name":"wp","href":"https:\/\/api.w.org\/{rel}","templated":true}]}}